
3
What are the prime factors of 2/(-1) - (-1)/((-2)/(-3432))?
2, 857
Let f(s) = -s**2 + 4*s + 2. Let q be f(4). Suppose -q*c = 5*c - 7. What are the prime factors of (2/c + 42)/2?
2, 11
Let c(p) = -p**3 + 5*p**2 + 2*p - 1. Suppose -9 - 12 = -3*k. Suppose 2*x - k*x = -20. What are the prime factors of c(x)?
23
Suppose 4*a - 2*w - 826 = 804, 1625 = 4*a - w. What are the prime factors of a?
3, 5
Let z = 356 - 557. List the prime factors of (4/12)/(0 - 1)*z.
67
Suppose -97*b + 5220 = -88*b. List the prime factors of b.
2, 5, 29
Let m(p) = 4*p - 1. Let f be m(1). What are the prime factors of 59*(-3 - -4) - f?
2, 7
Suppose -1288 = 22*m - 29*m. What are the prime factors of m?
2, 23
Suppose -4*n + 12 = 0, 5*y + 6*n - 482 = 2*n. What are the prime factors of y?
2, 47
Suppose 10*a - 14629 = 6*a - 5*n, 2*n = 10. What are the prime factors of a?
3, 1217
Let d be 55/3 + 4/6. Suppose -22*n + d*n = -561. What are the prime factors of n?
11, 17
Suppose 1201*t = 1195*t + 2142. What are the prime factors of t?
3, 7, 17
Suppose 32*u = 7975 + 12857. List the prime factors of u.
3, 7, 31
Let i(f) = -f**3 + 9*f**2 + f + 3. Let z be i(9). Suppose 0 = -l - l - z. List the prime factors of l/8*2*-14.
3, 7
Let m be 343/(-7) - (0 - 2). Let k = m + 94. List the prime factors of k.
47
Let i(n) = -n + 1. Let x(v) = 4*v - 4. Let w(s) = -3*i(s) - x(s). Suppose 9 = -5*y + 4*y. What are the prime factors of w(y)?
2, 5
Suppose -3*a - p = 114 + 103, 0 = -a + 2*p - 70. Let k = -17 - a. List the prime factors of k.
5, 11
Let w(b) = 3*b - 20. Let h be w(16). Suppose -3*k - 85 = 2*k. Let q = k + h. List the prime factors of q.
11
What are the prime factors of -10 + 12 + 111 + 2?
5, 23
Let q(y) = 2309*y - 166. What are the prime factors of q(1)?
2143
Let s(q) = 2*q**3 - 5*q**2 - q - 1. Suppose -5*j + j + 16 = 0. List the prime factors of s(j).
43
Let a be (-4)/(-8)*1*0. Let i(o) = -4*o + 79. List the prime factors of i(a).
79
Let n = -93 + 191. Suppose -5*g - 347 = -2*b - 2*b, -b + n = -5*g. What are the prime factors of b?
83
List the prime factors of ((-4 - 2) + -16)*-10.
2, 5, 11
Suppose 46*c = 19*c + 122661. List the prime factors of c.
7, 11, 59
Suppose 5*w - 15 = 0, -4*w = -2*n + 1617 + 1869. What are the prime factors of n?
3, 11, 53
Let q(y) = -81*y + 19. List the prime factors of q(-5).
2, 53
Suppose z + 21 = -w - 3*w, 4*z + 144 = -w. Let t(y) = -y**3 - 2*y**2 - 6*y - 3. Let m be t(-4). Let d = m + z. List the prime factors of d.
2
Let x = -9 + 26. Suppose -29 = m + 5*l, -2 = -2*m - 0*m + 2*l. Let w = m + x. What are the prime factors of w?
13
List the prime factors of (-60)/(-24)*(-3 + 6033/15).
2, 499
Let z(j) = 2*j + 21. Let g = -15 - -12. Let o be (9 - g) + 5 + -4. List the prime factors of z(o).
47
Let m be (-10215)/(-65) - 4/26. Suppose -5*q - 139 + 14 = -3*i, 4*i + 3*q - m = 0. What are the prime factors of i?
2, 5
Let b = -334 + 759. List the prime factors of b.
5, 17
Suppose -1498 = -u - 3*w, u - 2*w = -2*u + 4505. What are the prime factors of u?
19, 79
Suppose -r - 3*b = -506, 7*r - 6*r - 3*b = 518. List the prime factors of r.
2
Suppose -21 = 2*d - 5*d. Suppose -d*c = -3*c - 96. Suppose -x = x - c. What are the prime factors of x?
2, 3
Let u = 1010 - -241. List the prime factors of u.
3, 139
Let m = -62 + 65. List the prime factors of ((m/(-2))/(-1))/(35/1120).
2, 3
Let k(g) = -g**3 + 14*g**2 + 5*g + 24. What are the prime factors of k(14)?
2, 47
Suppose -5*q + 51 = -2*a + 12, a - 2*q + 22 = 0. Let f = 44 + a. List the prime factors of 2/((f/(-16))/(-3)).
2
Let d(o) be the first derivative of o**2 - 2*o - 3. Let b be d(3). Suppose 2*v = 4*s - 19 - 3, -4*s = b*v - 40. List the prime factors of s.
7
Suppose -58*c + 4*f - 2042 = -59*c, c = -5*f + 2038. List the prime factors of c.
2, 3, 7
Let t = 5193 - 3430. What are the prime factors of t?
41, 43
What are the prime factors of -32*(-12)/48 - -346?
2, 3, 59
Suppose 0 = -5*a + g + 3*g + 1142, -910 = -4*a + 2*g. Suppose -5*n + 460 = -t, -3*t + a = 3*n - 68. List the prime factors of n.
3, 31
Let t be (0 - -1)*(2 + 42). Let c be -20 - 2 - (-1 - 1). Let b = t + c. List the prime factors of b.
2, 3
Suppose -100*o + 67*o = -95469. List the prime factors of o.
11, 263
Suppose -2*g - 4*p + 7 = 35, -3*p = g + 18. Let z(v) = -10*v - 5. Let y be z(g). Let m = -21 + y. What are the prime factors of m?
2, 17
Let u(m) = -m**2 + 27*m - 24. What are the prime factors of u(14)?
2, 79
Suppose -5*b = -2*h - 7*b + 2134, -4*h + 4268 = b. List the prime factors of h.
11, 97
Let g be 2 - (-3)/((-3)/14). Let z = 23 - -3. Let a = g + z. List the prime factors of a.
2, 7
Let v = -1329 - -2100. What are the prime factors of v?
3, 257
What are the prime factors of -4 + (-12)/4 - (2 + -2657)?
2, 331
Let c = -3038 + 5880. List the prime factors of c.
2, 7, 29
Suppose -3 + 11 = 8*w. What are the prime factors of w*(34/(-4) - -2)*-30?
3, 5, 13
Let n(g) = -15*g + 4. Let u be n(-2). List the prime factors of (u - -4) + -2 + 4.
2, 5
Let h = -71 + 137. Let z = h + -20. What are the prime factors of z?
2, 23
Let w = 9 + -6. Suppose -w*f = 2*q - 25, q + f + 2*f = 5. Suppose -q = -j + 8. What are the prime factors of j?
2, 7
Suppose 66*g + 435 - 131445 = 0. List the prime factors of g.
5, 397
Let d(r) = 3*r - 4*r**2 - 4*r**2 + r**2 + 7 - 2*r - r**3. Let i be d(-7). Suppose i = 4*o - 98 + 22. List the prime factors of o.
19
Let t(k) = -k**2 - 5*k + 3. Let m be t(3). Let j = 15 + m. Let c(i) = i**2 - 6*i - 9. What are the prime factors of c(j)?
3, 7
Suppose r + 3*r = -9048. Let o be r/(-27) + 4/18. Suppose q - 5*x - o = -3*q, -52 = -2*q + 5*x. List the prime factors of q.
2
Let a(u) = -u**2 - 3*u + 3. Let j be a(-6). Let l = -13 - j. Suppose 0 = 5*v + 10, l*r = 2*v - 3*v + 24. What are the prime factors of r?
13
Suppose -2*k + 2*f = -952, -5*f + 1079 + 780 = 4*k. What are the prime factors of k?
3, 157
What are the prime factors of (-24)/3 + 8 + 10?
2, 5
Suppose 2*r - 45 = -63. What are the prime factors of (-168)/r*9/3?
2, 7
Suppose 3*w = -2*a + 7*a - 19, w + 1 = -a. Suppose 0 = 2*j + 2*y - 616, 611 = a*j - y + 2*y. What are the prime factors of j?
3, 101
What are the prime factors of (14791/28 - 2) + (-2)/8?
2, 263
Suppose -4*l = 6*l. Suppose l = -4*q + 20, 5*o + q = o + 1105. List the prime factors of o.
5, 11
Suppose i + 9969 = 5*q, -36*q + 3*i = -38*q + 3991. List the prime factors of q.
2, 997
Suppose 16*y - 11*y + 2*p - 5782 = 0, 5*p + 5775 = 5*y. List the prime factors of y.
2, 17
Let z(c) = -c**2 - 27*c + 315. List the prime factors of z(-35).
5, 7
Let x = 16 - 29. Let u = 17 + x. List the prime factors of 3 + 2*(0 + u).
11
Suppose -5*z + 5*f = -17475, -6991 = 120*z - 122*z + f. List the prime factors of z.
2, 19, 23
Let a = 3616 + -1356. List the prime factors of a.
2, 5, 113
What are the prime factors of (1220/427)/(2 - (-432)/(-217))?
2, 5, 31
Let p(b) = b**3 - 2*b**2 - 23*b - 2. Let c be p(6). Suppose g - 472 = -c*y, -4*y + 0*g + 456 = 5*g. List the prime factors of y.
7, 17
Let z(x) = 5*x + 92. Let c(k) = -6*k - 28. Let g be c(-3). What are the prime factors of z(g)?
2, 3, 7
Let x be (-153)/(-12) - (-1)/4. Suppose -9*u - 120 = -x*u. What are the prime factors of u?
2, 3, 5
Suppose -3*s + 2*f + 5238 = 1228, 2*f + 2 = 0. List the prime factors of s.
2, 167
Let z be ((-36)/(-4))/((-6)/(-78)). Suppose 813 + z = 3*a. What are the prime factors of a?
2, 5, 31
Let s = -36 - -38. Suppose -148 = -2*z + s*c, 0 = 3*c + 4 + 5. List the prime factors of z.
71
Let t = 96 + -96. Suppose -q - 4*g + 56 = t, -q + 3*q - 3*g = 79. List the prime factors of q.
2, 11
Suppose 0 = 2*r - 5*y - 156, -432 = -0*r - 5*r + 2*y. Let c = -49 + r. List the prime factors of c.
3, 13
What are the prime factors of (1 - -365) + (12 + -3 - 8)?
367
Suppose -s = 4*h + 4, 5*s = s - 3*h - 29. List the prime factors of 1*699/(-5 - s).
233
Let b(p) = 7*p**2 + 3*p - 5. Let t(y) = -6*y**2 - 4*y + 5. Let i(w) = 6*b(w) + 4*t(w). What are the prime factors of i(3)?
2, 79
Let q(k) = 2*k - 4. Let v(l) = -l - 12. Let i be v(-15). Let x be q(i). List the prime factors of x/1 + (-66)/(-6).
13
Let u = -6 - 4. Let b = 351 - 312. Let p = u + b. List the prime factors of p.
29
Let q be 12/(-126) + (-8270)/42. Let a = q - -380. List the prime factors of a.
3, 61
Let g(q) = 216*q - 10. List th